t is the units digit of 19724?
4
What is the hundreds digit of 794?
7
What is the units digit of 323?
3
What is the ten thousands digit of 11166?
1
What is the tens digit of 21218?
1
What is the ten thousands digit of 11236?
1
What is the units digit of 243?
3
What is the tens digit of 41296?
9
What is the thousands digit of 1190?
1
What is the hundreds digit of 19560?
5
What is the units digit of 38563?
3
What is the units digit of 3653?
3
What is the thousands digit of 1532?
1
What is the units digit of 5275?
5
What is the hundreds digit of 45999?
9
What is the hundreds digit of 15661?
6
What is the thousands digit of 1178?
1
What is the hundreds digit of 1926?
9
What is the hundreds digit of 4591?
5
What is the tens digit of 434?
3
What is the thousands digit of 2864?
2
What is the units digit of 22077?
7
What is the thousands digit of 27027?
7
What is the hundreds digit of 11479?
4
What is the tens digit of 3405?
0
What is the thousands digit of 2722?
2
What is the tens digit of 26804?
0
What is the units digit of 992?
2
What is the hundreds digit of 27097?
0
What is the units digit of 44838?
8
What is the hundreds digit of 36079?
0
What is the thousands digit of 1821?
1
What is the tens digit of 168?
6
What is the thousands digit of 80733?
0
What is the thousands digit of 70961?
0
What is the tens digit of 506?
0
What is the hundreds digit of 2049?
0
What is the units digit of 56922?
2
What is the tens digit of 44409?
0
What is the units digit of 67817?
7
What is the units digit of 1657?
7
What is the hundreds digit of 13142?
1
What is the tens digit of 2533?
3
What is the thousands digit of 20134?
0
What is the hundreds digit of 888?
8
What is the hundreds digit of 2899?
8
What is the units digit of 641?
1
What is the thousands digit of 6704?
6
What is the units digit of 5049?
9
What is the hundreds digit of 3837?
8
What is the hundreds digit of 426?
4
What is the thousands digit of 27528?
7
What is the tens digit of 5143?
4
What is the hundreds digit of 278?
2
What is the units digit of 1046?
6
What is the tens digit of 734?
3
What is the tens digit of 17242?
4
What is the units digit of 19265?
5
What is the thousands digit of 3330?
3
What is the tens digit of 84374?
7
What is the tens digit of 453?
5
What is the hundreds digit of 2123?
1
What is the hundreds digit of 159?
1
What is the units digit of 1406?
6
What is the hundreds digit of 1834?
8
What is the hundreds digit of 815?
8
What is the thousands digit of 1471?
1
What is the units digit of 4390?
0
What is the thousands digit of 14318?
4
What is the hundreds digit of 13315?
3
What is the tens digit of 24?
2
What is the hundreds digit of 6453?
4
What is the tens digit of 1642?
4
What is the units digit of 3435?
5
What is the units digit of 1594?
4
What is the tens digit of 165?
6
What is the thousands digit of 1284?
1
What is the tens digit of 5038?
3
What is the ten thousands digit of 86377?
8
What is the thousands digit of 1048?
1
What is the tens digit of 960?
6
What is the units digit of 12910?
0
What is the units digit of 810?
0
What is the units digit of 142?
2
What is the thousands digit of 149781?
9
What is the hundreds digit of 1305?
3
What is the tens digit of 22105?
0
What is the tens digit of 18192?
9
What is the hundreds digit of 14258?
2
What is the tens digit of 27694?
9
What is the ten thousands digit of 50803?
5
What is the units digit of 17079?
9
What is the hundreds digit of 94268?
2
What is the tens digit of 20705?
0
What is the thousands digit of 1330?
1
What is the hundreds digit of 3200?
2
What is the thousands digit of 47513?
7
What is the tens digit of 18871?
7
What is the ten thousands digit of 21072?
2
What is the units digit of 4124?
4
What is the tens digit of 4125?
2
What is the units digit of 7416?
6
What is the tens digit of 2521?
2
What is the units digit of 17781?
1
What is the units digit of 1426?
6
What is the thousands digit of 18459?
8
What is the hundreds digit of 997?
9
What is the hundred thousands digit of 200807?
2
What is the units digit of 11509?
9
What is the hundreds digit of 112?
1
What is the units digit of 462?
2
What is the tens digit of 14?
1
What is the thousands digit of 1685?
1
What is the units digit of 28077?
7
What is the hundreds digit of 80330?
3
What is the units digit of 24?
4
What is the hundreds digit of 30912?
9
What is the hundreds digit of 12475?
4
What is the tens digit of 45?
4
What is the tens digit of 62040?
4
What is the units digit of 2722?
2
What is the hundreds digit of 2013?
0
What is the tens digit of 1406?
0
What is the ten thousands digit of 13124?
1
What is the tens digit of 495?
9
What is the units digit of 28783?
3
What is the hundreds digit of 2108?
1
What is the tens digit of 197?
9
What is the thousands digit of 73268?
3
What is the thousands digit of 14530?
4
What is the units digit of 4699?
9
What is the tens digit of 1067?
6
What is the hundreds digit of 1135?
1
What is the tens digit of 780?
8
What is the tens digit of 46674?
7
What is the hundreds digit of 310?
3
What is the tens digit of 94429?
2
What is the units digit of 742?
2
What is the tens digit of 831?
3
What is the hundreds digit of 713?
7
What is the tens digit of 1514?
1
What is the hundreds digit of 718?
7
What is the units digit of 6627?
7
What is the hundreds digit of 34097?
0
What is the ten thousands digit of 74847?
7
What is the thousands digit of 47409?
7
What is the thousands digit of 2665?
2
What is the thousands digit of 10969?
0
What is the units digit of 40?
0
What is the hundreds digit of 974?
9
What is the thousands digit of 1509?
1
What is the units digit of 1552?
2
What is the ten thousands digit of 18064?
1
What is the hundreds digit of 16913?
9
What is the units digit of 91?
1
What is the units digit of 869?
9
What is the hundreds digit of 451?
4
What is the hundreds digit of 347?
3
What is the tens digit of 49510?
1
What is the units digit of 6118?
8
What is the units digit of 10041?
1
What is the hundreds digit of 765?
7
What is the thousands digit of 7380?
7
What is the thousands digit of 1314?
1
What is the tens digit of 2395?
9
What is the thousands digit of 2004?
2
What is the thousands digit of 10634?
0
What is the thousands digit of 18366?
8
What is the hundreds digit of 11462?
4
What is the hundreds digit of 2073?
0
What is the units digit of 19203?
3
What is the thousands digit of 1547?
1
What is the units digit of 24912?
2
What is the thousands digit of 83165?
3
What is the tens digit of 17733?
3
What is the tens digit of 643?
4
What is the thousands digit of 16418?
6
What is the units digit of 50575?
5
What is the hundreds digit of 6499?
4
What is the thousands digit of 3337?
3
What is the tens digit of 1134?
3
What is the thousands digit of 55377?
5
What is the hundreds digit of 205?
2
What is the thousands digit of 1635?
1
What is the units digit of 6796?
6
What is the hundreds digit of 31882?
8
What is the thousands digit of 1411?
1
What is the thousands digit of 13586?
3
What is the tens digit of 1521?
2
What is the tens digit of 60840?
4
What is the units digit of 1408?
8
What is the units digit of 4578?
8
What is the units digit of 7452?
2
What is the tens digit of 17082?
8
What is the hundreds digit of 5370?
3
What is the ten thousands digit of 26573?
2
What is the hundreds digit of 138?
1
What is the units digit of 994?
4
What is the hundreds digit of 345?
3
What is the thousands digit of 13696?
3
What is the units digit of 9162?
2
What is the thousands digit of 92061?
2
What is the units digit of 21630?
0
What is the hundreds digit of 1726?
7
What is the thousands digit of 20670?
0
What is the units digit of 396?
6
What is the tens digit of 13426?
2
What is the thousands digit of 71147?
1
What is the thousands digit of 5503?
5
What is the hundreds digit of 815?
8
What is the units digit of 2844?
4
What is the units digit of 142?
2
What is the hundreds digit of 53540?
5
What is the units digit of 10803?
3
What is the units digit of 40807?
7
What is the units digit of 5216?
6
What is the thousands digit of 1837?
1
What is the tens digit of 6156?
5
What is the hundreds digit of 123326?
3
What is the thousands digit of 1241?
1
What is the units digit of 23766?
6
What is the thousands digit o